{"id":1119,"date":"2023-05-23T17:19:51","date_gmt":"2023-05-23T15:19:51","guid":{"rendered":"https:\/\/www.lepassager-centredart.com\/?page_id=1119"},"modified":"2023-05-25T17:23:38","modified_gmt":"2023-05-25T15:23:38","slug":"publications","status":"publish","type":"page","link":"https:\/\/www.lepassager-centredart.com\/?page_id=1119","title":{"rendered":"Publications"},"content":{"rendered":"\n<div class=\"wp-block-image\"><figure class=\"aligncenter size-large is-resized\"><img loading=\"lazy\" decoding=\"async\" src=\"https:\/\/www.lepassager-centredart.com\/wp-content\/uploads\/2021\/10\/trait_03.jpg\" alt=\"\" class=\"wp-image-902\" width=\"632\" height=\"24\" srcset=\"https:\/\/www.lepassager-centredart.com\/wp-content\/uploads\/2021\/10\/trait_03.jpg 632w, https:\/\/www.lepassager-centredart.com\/wp-content\/uploads\/2021\/10\/trait_03-300x11.jpg 300w\" sizes=\"auto, (max-width: 632px) 100vw, 632px\" \/><\/figure><\/div>\n\n\n\n<div class=\"wp-block-image\"><figure class=\"aligncenter size-large\"><img loading=\"lazy\" decoding=\"async\" width=\"336\" height=\"224\" src=\"https:\/\/www.lepassager-centredart.com\/wp-content\/uploads\/2023\/05\/2023-05-23_copie-interieur.jpg\" alt=\"\" class=\"wp-image-1140\" srcset=\"https:\/\/www.lepassager-centredart.com\/wp-content\/uploads\/2023\/05\/2023-05-23_copie-interieur.jpg 336w, https:\/\/www.lepassager-centredart.com\/wp-content\/uploads\/2023\/05\/2023-05-23_copie-interieur-300x200.jpg 300w\" sizes=\"auto, (max-width: 336px) 100vw, 336px\" \/><\/figure><\/div>\n\n\n\n<div style=\"height:100px\" aria-hidden=\"true\" class=\"wp-block-spacer\"><\/div>\n\n\n\n<h5 class=\"wp-block-heading\"><strong>Les \u00e9ditions du passager<\/strong><\/h5>\n\n\n<p>Les \u00c9ditions du passager ont pour mission de faire conna\u00eetre, aupr\u00e8s de la communaut\u00e9 scientifique et artistique, ainsi que d\u2019un lectorat \u00e9largi, des recherches et des travaux exigeants dans la ligne \u00e9ditoriale du passager. Elles publient aussi bien en format papier qu\u2019en \u00e9dition num\u00e9rique.<br \/>\nActuellement, les \u00c9ditions du passager proposent deux revues d\u2019art et de sciences humaines et sociales : copie et copie photographie. Elles sont disponibles en version papier et en ligne. D\u2019autres projets \u00e9ditoriaux sont en pr\u00e9paration.<\/p>\n\n\n\n<p class=\"has-text-align-center\">*<\/p>\n\n\n\n<h5 class=\"wp-block-heading\"><strong>copie<\/strong> &amp; copie photographie (les revues du passager)<\/h5>\n\n\n\n<p><em><strong><a href=\"https:\/\/www.lepassager-centredart.com\/?p=1180\" data-type=\"post\" data-id=\"1180\"><span class=\"has-inline-color has-primary-color\">copie<\/span><\/a><\/strong><\/em> (page d\u00e9di\u00e9e)<br><strong>acheter le num\u00e9ro 1<\/strong> (\u00e0 venir)<\/p>\n\n\n\n<p><strong><em><a href=\"https:\/\/www.lepassager-centredart.com\/?p=1203\" data-type=\"post\" data-id=\"1203\"><span class=\"has-inline-color has-primary-color\">copie photographie<\/span><\/a><\/em><\/strong> (page d\u00e9di\u00e9e)<br><strong>acheter le num\u00e9ro A<\/strong> (\u00e0 venir)<\/p>\n\n\n<p>Copie est une revue d\u2019art et de sciences humaines et sociales qui traite d\u2019ethnographie, du document et d\u2019esth\u00e9tique du quotidien. Et copie photographie est une revue d\u00e9di\u00e9e \u00e0 la photographie sous toutes ses formes. Dirig\u00e9es par Hannah Brun, elles sont toutes les deux les revues du centre d\u2019art le passager, dont elles prolongent l\u2019activit\u00e9 et l\u2019\u00e9tat d\u2019esprit sur un versant \u00e9ditorial. Elles sont \u00e9dit\u00e9es aux \u00c9ditions du passager.<\/p>\n<p>Le style des deux revues, que ce soit pour la couverture ou la mise en page, est sobre et \u00e9pur\u00e9. Un soin particulier a \u00e9t\u00e9 accord\u00e9 aux choix des papiers. Copie est une revue noir et blanc (qui comprend un encart couleur) et copie photographie est en couleurs. Elles sont toutes les deux trou\u00e9es sur la gauche, afin d\u2019\u00eatre archiv\u00e9es dans un classeur, disponible avec l\u2019ensemble. <\/p>\n<p>Copie et copie photographie sont entre la revue et le livre d\u2019artiste, dans le sens o\u00f9 le projet \u00e9ditorial est un geste artistique.<br \/>\nC\u00f4t\u00e9 contenu et publics cibl\u00e9s, les deux revues sont plut\u00f4t destin\u00e9es aux professionnels de l\u2019art et aux chercheurs. Les prix se veulent volontairement accessibles et ne couvrent quasiment que les frais d\u2019impression, de maquettage et d\u2019\u00e9dition (9\u20ac et 58\u20ac).<br \/>\nCopie photographie a la particularit\u00e9 d\u2019\u00eatre une revue de la qualit\u00e9 d\u2019un tirage d\u2019art. Elle est imprim\u00e9e \u00e0 la demande sur une imprimante Epson P20 000, sur du papier Rag Photographique Infinity Canson 310g pour les photographie et la couverture (papier 100% coton). Caract\u00e9ristiques haut de gamme qui explique son prix. Afin de maintenir cette volont\u00e9 d\u2019accessibilit\u00e9, malgr\u00e9 sa qualit\u00e9 et son mode de tirage, la revue n\u2019est ni limit\u00e9e, ni num\u00e9rot\u00e9e.<br \/>\nSimultan\u00e9ment \u00e0 sa sortie papier, la version PDF de copie ainsi qu\u2019une documentation de copie photographie sont mises en ligne, afin de favoriser la diffusion du contenu.<\/p>\n<p>Une documentation plus pr\u00e9cise, ainsi que les liens pour commander en ligne, sont disponibles sur les pages d\u00e9di\u00e9es des deux revues (liens ci-dessus).<\/p>\n","protected":false},"excerpt":{"rendered":"<p>Les \u00e9ditions du passager * copie &amp; copie photographie (les revues du passager) copie (page d\u00e9di\u00e9e)acheter le num\u00e9ro 1 (\u00e0 venir) copie photographie (page d\u00e9di\u00e9e)acheter le num\u00e9ro A (\u00e0 venir)<\/p>\n","protected":false},"author":1,"featured_media":0,"parent":0,"menu_order":0,"comment_status":"closed","ping_status":"closed","template":"","meta":{"_monsterinsights_skip_tracking":false,"_monsterinsights_sitenote_active":false,"_monsterinsights_sitenote_note":"","_monsterinsights_sitenote_category":0,"footnotes":""},"class_list":["post-1119","page","type-page","status-publish","hentry"],"_links":{"self":[{"href":"https:\/\/www.lepassager-centredart.com\/index.php?rest_route=\/wp\/v2\/pages\/1119","targetHints":{"allow":["GET"]}}],"collection":[{"href":"https:\/\/www.lepassager-centredart.com\/index.php?rest_route=\/wp\/v2\/pages"}],"about":[{"href":"https:\/\/www.lepassager-centredart.com\/index.php?rest_route=\/wp\/v2\/types\/page"}],"author":[{"embeddable":true,"href":"https:\/\/www.lepassager-centredart.com\/index.php?rest_route=\/wp\/v2\/users\/1"}],"replies":[{"embeddable":true,"href":"https:\/\/www.lepassager-centredart.com\/index.php?rest_route=%2Fwp%2Fv2%2Fcomments&post=1119"}],"version-history":[{"count":11,"href":"https:\/\/www.lepassager-centredart.com\/index.php?rest_route=\/wp\/v2\/pages\/1119\/revisions"}],"predecessor-version":[{"id":1226,"href":"https:\/\/www.lepassager-centredart.com\/index.php?rest_route=\/wp\/v2\/pages\/1119\/revisions\/1226"}],"wp:attachment":[{"href":"https:\/\/www.lepassager-centredart.com\/index.php?rest_route=%2Fwp%2Fv2%2Fmedia&parent=1119"}],"curies":[{"name":"wp","href":"https:\/\/api.w.org\/{rel}","templated":true}]}}