{"id":770,"date":"2020-12-17T18:45:23","date_gmt":"2020-12-17T17:45:23","guid":{"rendered":"https:\/\/www.lepassager-centredart.com\/?page_id=770"},"modified":"2023-04-11T10:27:10","modified_gmt":"2023-04-11T08:27:10","slug":"activites","status":"publish","type":"page","link":"https:\/\/www.lepassager-centredart.com\/?page_id=770","title":{"rendered":"Activit\u00e9s"},"content":{"rendered":"\n<h5 class=\"wp-block-heading\">Actualit\u00e9s des membres<\/h5>\n\n\n<p>Mai 2023 (31)<br \/>\nFlorian Houssais &#038; Hannah Brun &#8211; Co-organisation de la journ\u00e9e Double jeu et lancement des revues copie et copie photographie, mus\u00e9e d&#8217;ethnographie de Bordeaux<br \/>\n(partenaires : Astre, Mus\u00e9e d&#8217;ethnographie de Bordeaux)<\/p>\n<p>Avril 2023 (18-19)<br \/>\nFlorian Houssais &#8211; Pr\u00e9sentation des s\u00e9minaires sous le manteau &#8211; Colloque international &#8220;Construction(s) et r\u00e9ception(s) de la science aujourd\u2019hui&#8221;, Cergy<\/p>\n<p>F\u00e9vrier 2023 (15)<br \/>\nle coll\u00e8ge des oiseaux &#8211; Les luttes de pouvoir en Pannonie : Les recherches des historiens allemands du d\u00e9but XXe &#8211; Conf\u00e9rence \u00e0 l&#8217;universit\u00e9 de Saragosse, Saragosse, Espagne<\/p>\n<p>Juin 2022<br \/>\nHannah Brun &#8211; Lecture-performance &#8211; panah\u00f3n #10, \u00eele de Tacling, Linapacan, Philippines<\/p>\n<p>Janvier 2021 \/ f\u00e9vrier 2022<br \/>\nFlorian Houssais, Camille Riverti &#8211; Lettre \u00e0 un jeune historien<br \/>\n(partenaires : cdla (St Yrieix), Fanzinoth\u00e8que de Poitiers, R\u00e9seaux des enseignants d&#8217;ESC ex-r\u00e9gion Poitou-Charentes, Rurart (Rouill\u00e9))<\/p>\n<p>D\u00e9cembre 2021<br \/>\nFlorian Houssais &#8211; Workshop ENSA Limoges #2<\/p>\n<p>Novembre 2021 \/ janvier 2022<br \/>\nle coll\u00e8ge des oiseaux, Florian Houssais, Hannah Brun &#8211; Commissariat et pr\u00e9sentation de l&#8217;exposition collective, Sans-titre<\/p>\n<p>Novembre 2021<br \/>\nFlorian Houssais &#8211; Pr\u00e9sentation Astre, P\u00e9rigueux<\/p>\n<p>Novembre 2021<br \/>\nFlorian Houssais &#8211; Workshop ENSA Limoges #1<\/p>\n<p>Mai \/ d\u00e9cembre 2021<br \/>\nFlorian Houssais, le coll\u00e8ge des oiseaux &#8211; R\u00e9sidence territoriale artistique, centre d&#8217;art Rurart, Rouill\u00e9<\/p>\n<p>26 mai \/ 4 juillet 2021<br \/>\nle coll\u00e8ge des oiseaux, Florian Houssais, Hannah Brun &#8211; Commissariat de l&#8217;exposition collective, Les \u00e9cotones &#8211; Le mus\u00e9e des petits oiseaux, centre d&#8217;art Rurart, Rouill\u00e9<\/p>\n<p>F\u00e9vrier 2021<br \/>\nHannah Brun &#8211; Lecture-performance &#8211; panah\u00f3n #9, Bayan ng Dumaran, Palawan, Philippines<\/p>\n<p>Novembre 2020<br \/>\nFlorian Houssais &#8211; Workshop EESI Poitiers : Initiation aux pratiques de l&#8217;interaction<\/p>\n<p>Mai 2020 \/ avril 2021<br \/>\nFlorian Houssais &#8211; Co-coordination du projet f\u00e9d\u00e9rateur, R\u00e9seaux des enseignants d&#8217;ESC ex-r\u00e9gion Poitou-Charentes<\/p>\n<p>Avril 2020<br \/>\nHannah Brun &#8211; Lecture-performance &#8211; panah\u00f3n #8, Kakain sil\u00e1 dito, Pamuntangan Point, Marinduque, Philippines<\/p>\n<p>F\u00e9vrier 2020<br \/>\nFlorian Houssais &#8211; Expos\u00e9 \u00e0 l&#8217;atelier d&#8217;analyse de conversation du LIER-FYT, EHESS\/CNRS<\/p>\n<p>Janvier 2020<br \/>\nFlorian Houssais &#8211; Expos\u00e9 \u00e0 l&#8217;atelier des sociologues du LIER-FYT, EHESS\/CNRS<\/p>\n<p>Novembre 2019<br \/>\nFlorian Houssais &#8211; Expos\u00e9 au s\u00e9minaire d&#8217;histoire des sciences de Val\u00e9rie Tesni\u00e8re, Pratiques et politiques \u00e9ditoriales contemporaines, EHESS\/CNRS<\/p>\n<p>F\u00e9vrier 2019 &#8211; avril 2019<br \/>\nle coll\u00e8ge des oiseaux &#8211; S\u00e9minaire Histoire de l&#8217;art, microstoria et langues romanes, Professeur invit\u00e9 &#8211; Interdisciplinary Research Laboratory of Applied Linguistics, Psychology and Information Speech Technologies, Universit\u00e9 linguistique d\u2019\u00c9tat, Nijni Novgorod, Russie<\/p>\n","protected":false},"excerpt":{"rendered":"<p>Actualit\u00e9s des membres<\/p>\n","protected":false},"author":1,"featured_media":849,"parent":0,"menu_order":0,"comment_status":"closed","ping_status":"closed","template":"","meta":{"_monsterinsights_skip_tracking":false,"_monsterinsights_sitenote_active":false,"_monsterinsights_sitenote_note":"","_monsterinsights_sitenote_category":0,"footnotes":""},"class_list":["post-770","page","type-page","status-publish","has-post-thumbnail","hentry"],"_links":{"self":[{"href":"https:\/\/www.lepassager-centredart.com\/index.php?rest_route=\/wp\/v2\/pages\/770","targetHints":{"allow":["GET"]}}],"collection":[{"href":"https:\/\/www.lepassager-centredart.com\/index.php?rest_route=\/wp\/v2\/pages"}],"about":[{"href":"https:\/\/www.lepassager-centredart.com\/index.php?rest_route=\/wp\/v2\/types\/page"}],"author":[{"embeddable":true,"href":"https:\/\/www.lepassager-centredart.com\/index.php?rest_route=\/wp\/v2\/users\/1"}],"replies":[{"embeddable":true,"href":"https:\/\/www.lepassager-centredart.com\/index.php?rest_route=%2Fwp%2Fv2%2Fcomments&post=770"}],"version-history":[{"count":22,"href":"https:\/\/www.lepassager-centredart.com\/index.php?rest_route=\/wp\/v2\/pages\/770\/revisions"}],"predecessor-version":[{"id":1102,"href":"https:\/\/www.lepassager-centredart.com\/index.php?rest_route=\/wp\/v2\/pages\/770\/revisions\/1102"}],"wp:featuredmedia":[{"embeddable":true,"href":"https:\/\/www.lepassager-centredart.com\/index.php?rest_route=\/wp\/v2\/media\/849"}],"wp:attachment":[{"href":"https:\/\/www.lepassager-centredart.com\/index.php?rest_route=%2Fwp%2Fv2%2Fmedia&parent=770"}],"curies":[{"name":"wp","href":"https:\/\/api.w.org\/{rel}","templated":true}]}}